07
Let s(a) = a**2 + 36*a + 47. Let v be (8/12)/((-3)/162). Let l = v - -81. Calculate the remainder when l is divided by s(-35).
9
Let s = -6 + 15. Let t = -235 - -305. Suppose -20*k + t = 30. What is the remainder when s is divided by k?
1
Suppose -9*s + 87344 = 197*s. Calculate the remainder when s is divided by 172.
80
Let d(o) = o**3 - 18*o**2 + 18*o - 13. Let h be d(17). Suppose g + 2*p = -2*p + h, -5*g - 5*p + 20 = 0. What is the remainder when 22 is divided by g?
2
Suppose 0 = 2*g - 5*g + 2*z + 136, -214 = -5*g - 3*z. Suppose -97 = -4*k + 59. What is the remainder when g is divided by -3*104/k*13/(-4)?
18
Let x(i) = -8*i - 271. Let b(y) = 25*y + 818. Let s(l) = 3*b(l) + 8*x(l). Calculate the remainder when s(13) is divided by 27.
24
Suppose -10*f + 6 = -7*f. Let h be (-48)/(-30) - f/(-5). Calculate the remainder when 29 is divided by h/(-6) - 224/(-42).
4
Calculate the remainder when (132 - 73)/(3 + 0)*96/2 is divided by 45.
44
Let g = 43 + -28. Suppose g - 6 = -3*u. Calculate the remainder when 574/(-28)*(1 + u) is divided by 11.
8
Suppose 0*n - 5*n - 2*m = -167, -3*n + 3*m + 96 = 0. Let q be 2/(2/1)*-1141. Calculate the remainder when q/(-9) + (-4)/(-18) is divided by n.
28
Let m = 23276 + -23247. Calculate the remainder when 5277 is divided by m.
28
Let d = -929 - -909. What is the remainder when 419 is divided by ((-1050)/40)/(15/d)?
34
Suppose 0 = -5*k + t + 2474 + 317, 0 = 3*k - 5*t - 1657. Let y = -552 + k. What is the remainder when 74 is divided by y?
4
Let n = 845 - 508. Suppose 2*z = 5*t - n, 211 = -0*t + 3*t + z. Let m = 42 - 24. What is the remainder when t is divided by m?
15
Let l(s) = 136*s + 2831. What is the remainder when l(-18) is divided by 5?
3
Suppose -90*h + 722 = 14*h - 6974. Calculate the remainder when h is divided by 13.
9
Calculate the remainder when 620 is divided by ((-96)/(-40))/(12/1545).
2
Suppose -7*u + 8*u = 2*v, 0 = 4*v - 4. Calculate the remainder when (-2985)/(-10) + (-3)/u is divided by 30.
27
Let s(h) = -h**2 + 3*h - 2. Let j be s(2). Suppose j = -5*a + 399 + 391. What is the remainder when a is divided by 90/5 + ((-2460)/210 - -17) + (-4)/14?
20
Let n = -5248 + 8725. What is the remainder when n is divided by 232?
229
Let a(q) = q**2 - 55*q + 132. Let u be a(51). What is the remainder when 54 is divided by ((-134)/4 - 1)*u/54?
8
What is the remainder when 355 is divided by 55/(-66)*2*-105?
5
Let a(l) = -3 + 2*l - 3 - 8*l + 0*l. Suppose 0 = 5*m + 5*i + 99 - 469, -3*i = -5*m + 338. Calculate the remainder when m is divided by a(-5).
22
Let c(x) be the first derivative of x**4/4 - 8*x**3/3 + 4*x**2 + x + 22. What is the remainder when c(8) is divided by 33?
32
Let o(n) = n**3 + 11*n**2 + 8*n - 14. Let l be (-5)/(-10)*4 + -12. Let i be o(l). Let g(s) = s**2 - 2*s + 1. Calculate the remainder when g(i) is divided by 13.
12
Let d = 63 + -61. Let o(u) = 3*u**d + 2*u**2 + 0*u**2 - 3*u. Calculate the remainder when 71 is divided by o(3).
35
Suppose -80 = -6*z + 2*z. Let o = -1218 + 1317. Suppose 0 = -o*b + 93*b + 216. What is the remainder when b is divided by z?
16
Let c(i) = i**3 - 9*i**2 + 11*i - 8. Let a be -6*14/21 + 2 + 10. Calculate the remainder when 52 is divided by c(a).
4
Let q = 302 - 275. Calculate the remainder when 333 is divided by q/(-63) - ((-2300)/28)/5.
13
Suppose p = -2*p - z + 326, -5*p = -5*z - 530. Suppose 3*o - p = -78. What is the remainder when 31 is divided by o?
1
Calculate the remainder when (-132)/8*1*(-3 - (8 - 9)) is divided by 19.
14
Let q = 56 + -38. Suppose -12*s + 2*s + 30 = 0. Let y(b) = -14*b + 76. Calculate the remainder when y(s) is divided by q.
16
Let n(b) = 3*b**2 - 73*b + 26. Calculate the remainder when 73 is divided by n(24).
1
Suppose 13*h + 1788 - 224 = 81*h. What is the remainder when 329 is divided by h?
7
Let k(o) = -31*o - 1. Let q(p) = -p**2 - 10*p + 31. Suppose -8*h - 120 = 4*h. Calculate the remainder when k(-3) is divided by q(h).
30
Let m be 24/(-20)*(-45)/18. Suppose 81 = 4*v + m*p, -91 = 5*v - 9*v - p. Calculate the remainder when 115 is divided by v.
19
Let y(u) = 3*u**2 - 10*u + 22. Calculate the remainder when 2 + (-1)/((-7)/147)*(-64)/(-6) is divided by y(5).
38
Let i(v) = -v**3 + 8*v**2 + 21*v - 2. Let u be i(10). Let y(x) = x**2 + 3*x - 21. Calculate the remainder when 127 is divided by y(u).
60
Let x(k) = 2*k**2 + 11*k + 15. Let p be x(-9). Suppose p*o - 12 = 72*o. What is the remainder when 3 is divided by o?
1
Let k(s) = 15 + 68*s**3 + 11*s**2 - 12*s**2 - 13*s - 2 + 2*s**2. Suppose 0 = -3*t + 4*g + 3, 2 = -t - g + 10. Calculate the remainder when k(1) is divided by t.
4
Let s(g) = g**3 - g**2 - 44. Let o(l) = 4*l**2 + 2*l - 3. Let n be o(2). Suppose -4*u + n + 11 = 0. What is the remainder when u is divided by s(4)?
3
Let y(n) = 3*n**2 - 49*n - 14. What is the remainder when y(19) is divided by 10?
8
Let a(g) = 2*g + 35. Let y be a(-15). Suppose 5*n + p + 8 = n, 3*n + 29 = y*p. What is the remainder when (-3*n/9)/(7/385) is divided by 14?
13
Let s = -9 + 5. Calculate the remainder when s + 6 - (1 + -84) is divided by (-3 - -4 - -11)/(30/110).
41
Let q = -103 - -65. Let f = -49 - q. Let t(k) = k**2 + 8*k - 26. Calculate the remainder when 13 is divided by t(f).
6
Let i = 49 + -37. Suppose i*j - 24 = 2676. Calculate the remainder when j is divided by 38.
35
Suppose -40 = -2*h - 18. Suppose -i + 65 = h. Calculate the remainder when i is divided by 7.
5
Suppose 30*g + 17*g - 12955 - 7349 = 0. Calculate the remainder when g is divided by 87.
84
Suppose 2*x - 656 = -558. Suppose 48*y = x*y - 623. What is the remainder when y is divided by 78?
77
Let r(w) = -7*w - 118. Suppose -n - 57 = 3*f + n, 5*f + 3*n = -96. Calculate the remainder when r(f) is divided by 19.
10
Let u = -27 - -18. Let j be 0*((252/(-8))/u + -4). Suppose -4*x - 4*h + 40 = 0, x - 2*h + 0*h - 25 = j. Calculate the remainder when 26 is divided by x.
11
Let g(u) = -170*u + 7139. What is the remainder when g(11) is divided by 155?
154
Let i(k) = -k**3 - 18*k**2 - 16*k + 20. Let f be i(-17). Suppose 0 = -f*l - 128 + 173. Calculate the remainder when l is divided by 9.
6
Let g(t) = 48*t - 25. Let u be g(1). Suppose 49 = 30*q - u*q. Let r(c) = c**2 - 3*c - 1. What is the remainder when r(-5) is divided by q?
4
Let k = 11933 + -11007. What is the remainder when k is divided by 6?
2
Let f be 4/(-18) - (-6)/(108/1030). Suppose 0 = s - 5*d - 86, -17 = -s - d + f. What is the remainder when s is divided by 16?
12
Let w(h) = -h**3 + 28*h**2 - 53*h - 9. Let d be w(26). What is the remainder when (17 - 0)/((-7)/d) is divided by 19?
9
Let o(t) = -2*t**3 + 39*t**2 - t + 447. What is the remainder when 1121 is divided by o(20)?
14
Suppose -18*z + 17*z = 15. Let i be (-840)/z + 1*3. Suppose -337 - i = -3*s. What is the remainder when s is divided by 27?
24
Suppose 20*c - 356 = -304 + 208. Suppose 7*d - 2*d + 4*t - 189 = 0, 2*t = 2. Calculate the remainder when d is divided by c.
11
Let l(p) = p**2 - 13*p - 10. Let y be l(15). Let x = -21 + y. What is the remainder when (-2)/((-2)/37) - x is divided by 13?
12
Suppose 2*n + 3*n = 45. What is the remainder when -4*4/(32/(-28)) is divided by n?
5
Suppose -28*x = -14*x - 16*x. Suppose 4*d = x, 16*o = 14*o + 3*d + 92. What is the remainder when 142 is divided by o?
4
Suppose -5*d + 2*d + 13 = f, -2*d = -5*f - 37. Let y(w) = -6 + 4*w + d*w**2 - 6*w + 5*w. Calculate the remainder when 70 is divided by y(2).
22
Suppose 16 = -4*y, -y = -0*k + k - 8. What is the remainder when 16 is divided by -3*(-44)/k - (-4 + 1)?
2
Let x(r) = -17*r + 1927. What is the remainder when 4001 is divided by x(113)?
5
Let b be (-2 - -3)*(-7 + 275). Suppose 40*l = 44*l - b. Calculate the remainder when l is divided by 34.
33
What is the remainder when 2408 is divided by 912/12 - (-8 + 4)?
8
Let y(x) = -14*x + 2. Let d be (102/(-18))/((-1)/63*3). Suppose 1086*m + d = 1093*m. Calculate the remainder when y(-3) is divided by m.
10
Suppose -399 = -4*q + 5*a + 128, -a = 3*q - 419. Calculate the remainder when q is divided by (8/(-5))/((-2)/25).
18
Suppose 44*c - 3 = 42*c - 3*w, 3*w = -15. What is the remainder when 5398 is divided by c?
7
Suppose -117*c + 2661 = -2487. What is the remainder when c is divided by 28?
16
Let i(t) = -6*t + 70. Let w be i(11). Suppose -12 = -3*z 